8204374279 a composite number?
True
Is 68796792137 composite?
False
Is 769959283 a composite number?
False
Is 15029689049 prime?
False
Is 2085176887 a prime number?
False
Is 1479044639 a composite number?
True
Is 525380492357 composite?
True
Is 148840189 composite?
False
Is 21976339817 a composite number?
False
Is 9748397467 a composite number?
True
Is 11753855041 a prime number?
False
Is 222025819 a composite number?
True
Is 1875061883 composite?
False
Is 4324404653 prime?
False
Is 20224008919 a composite number?
False
Is 2942415551 composite?
False
Is 1580185153 composite?
False
Is 4988320789 a prime number?
True
Is 1202641709 a composite number?
True
Is 9141398485 composite?
True
Is 251711203 composite?
False
Is 5640011371 composite?
True
Is 3541398889 prime?
False
Is 1083422771 prime?
False
Is 363467603 prime?
False
Is 5610766591 composite?
True
Is 4107145027 a prime number?
False
Is 1644309991 a prime number?
True
Is 249067177 a prime number?
True
Is 91272466111 composite?
False
Is 341661977 a prime number?
True
Is 4401187853 a composite number?
False
Is 43743593 a prime number?
False
Is 56310251 a prime number?
True
Is 175463042 prime?
False
Is 27335957997 prime?
False
Is 39646862977 prime?
True
Is 360653353 a composite number?
True
Is 16382958781 a prime number?
False
Is 1420073481 a prime number?
False
Is 7549568963 prime?
True
Is 44378711873 composite?
True
Is 76094693 a prime number?
True
Is 12621817037 a composite number?
False
Is 179687987 composite?
False
Is 367027517 prime?
True
Is 807210899 a composite number?
True
Is 10650555197 a prime number?
True
Is 633589237 a prime number?
True
Is 712076767 composite?
False
Is 83205156833 a prime number?
True
Is 33551968117 a composite number?
False
Is 18446877959 a prime number?
False
Is 6501685499 prime?
True
Is 2429651969 a composite number?
False
Is 1123084111 a composite number?
False
Is 3844025511 a prime number?
False
Is 84079568219 prime?
False
Is 77701800487 a prime number?
False
Is 1585606127 a prime number?
False
Is 6843164747 prime?
True
Is 64817208827 composite?
True
Is 22317312077 composite?
True
Is 29439060233 a prime number?
False
Is 7668241039 prime?
True
Is 28469907283 composite?
False
Is 2821453891 a prime number?
True
Is 1885424109 composite?
True
Is 29880332065 composite?
True
Is 1397982767 a composite number?
False
Is 7474638401 prime?
True
Is 123994791581 a prime number?
True
Is 127569187 composite?
False
Is 1290352142 a prime number?
False
Is 46875697511 a prime number?
True
Is 254200483 a prime number?
False
Is 1412859121 composite?
True
Is 28833221 a prime number?
False
Is 32092273055 prime?
False
Is 334549277 composite?
False
Is 11411637211 prime?
False
Is 25717220101 a prime number?
False
Is 31085111 a composite number?
False
Is 25228984733 a composite number?
False
Is 62229111935 composite?
True
Is 35120370827 prime?
False
Is 1517324489 prime?
False
Is 291677286731 composite?
False
Is 1095831449 a prime number?
True
Is 10155261497 prime?
True
Is 24563459 a composite number?
False
Is 277466086 composite?
True
Is 39385174891 a composite number?
True
Is 11569663811 composite?
False
Is 4375740695 composite?
True
Is 419922271 a prime number?
True
Is 1339364419 prime?
True
Is 2264440027 a prime number?
False
Is 377211151 a composite number?
False
Is 16062742403 composite?
True
Is 65322347581 composite?
False
Is 3129831203 composite?
True
Is 2004705511 a composite number?
False
Is 1327938383 a composite number?
True
Is 840581419 a prime number?
False
Is 9028424149 composite?
False
Is 32437549237 prime?
False
Is 21542150737 prime?
False
Is 236583439 a composite number?
True
Is 631355797 prime?
False
Is 1333917779 prime?
False
Is 2946951589 composite?
False
Is 35415557213 prime?
True
Is 6779345747 composite?
True
Is 23806012459 prime?
False
Is 517822603 a composite number?
True
Is 169677623 composite?
True
Is 11936107193 composite?
True
Is 14073232647 composite?
True
Is 415475311 a prime number?
True
Is 3475306501 a composite number?
True
Is 1880870513 a prime number?
True
Is 83537317 a prime number?
True
Is 226410865 composite?
True
Is 2111166011 a prime number?
True
Is 152941733971 composite?
True
Is 256489507 a composite number?
True
Is 21451175323 a composite number?
True
Is 37247921 composite?
True
Is 9963668189 a composite number?
False
Is 769113073 prime?
False
Is 3687746747 prime?
False
Is 1350340793 a prime number?
True
Is 13264755347 a prime number?
True
Is 2273711101 prime?
True
Is 535708991 prime?
True
Is 522347557 a prime number?
True
Is 217870621 a composite number?
True
Is 7981206967 a prime number?
True
Is 158104673 a prime number?
False
Is 12575679491 a composite number?
False
Is 355110721 prime?
False
Is 4891383179 composite?
False
Is 897229669 a composite number?
True
Is 247137520178 a composite number?
True
Is 518471841 composite?
True
Is 3246946061 a prime number?
False
Is 11885466263 prime?
False
Is 11338045357 a prime number?
False
Is 301454623 a composite number?
True
Is 19829942017 prime?
True
Is 76690122409 a prime number?
True
Is 577207591 composite?
True
Is 21084176741 composite?
True
Is 8482606397 prime?
False
Is 31778074639 a composite number?
False
Is 2285126419 a prime number?
True
Is 211350679 a prime number?
True
Is 2914399237 a prime number?
True
Is 2732602397 a composite number?
True
Is 59177780099 a prime number?
True
Is 502876783 a prime number?
False
Is 3504229013 a prime number?
True
Is 1188172121 composite?
False
Is 1450213859 prime?
True
Is 1376661163 composite?
True
Is 416130487 a prime number?
True
Is 522060569 prime?
True
Is 1156630441 prime?
False
Is 4611459667 prime?
True
Is 1357610047 a composite number?
True
Is 10266577063 a prime number?
True
Is 1783002829 a prime number?
True
Is 4439950919 composite?
True
Is 12176793029 composite?
True
Is 28931797677 a prime number?
False
Is 6194710411 a composite number?
False
Is 71696905171 a prime number?
True
Is 1571981011 a prime number?
True
Is 1030802867 a prime number?
True
Is 132741778811 composite?
True
Is 26001184129 prime?
False
Is 915162211 composite?
False
Is 1210088617 a prime number?
True
Is 264522983 composite?
False
Is 3035363351 a prime number?
True
Is 3009862709 composite?
True
Is 321054611 prime?
False
Is 9063279539 a prime number?
True
Is 9660320939 prime?
True
Is 6070273717 composite?
False
Is 110553584657 prime?
True
Is 1009735049 composite?
True
Is 435182281 prime?
False
Is 56178527 composite?
True
Is 945138731 a composite number?
False
Is 5308570109 composite?
False
Is 233074837153 a composite number?
False
Is 471664067 a composite number?
True
Is 125568323 prime?
False
Is 1110789683 composite?
False
Is 9526574809 prime?
True
Is 40824702902 prime?
False
Is 25411730753 composite?
False
Is 15412101703 a prime number?
True
Is 1907215423 composite?
True
Is 7070815151 prime?
False
Is 9148793579 prime?
True
Is 62203318747 a composite number?
False
Is 9394376653 prime?
False
Is 15652033 a composite number?
True
Is 1243583741 a prime number?
True
Is 12025350037 a composite number?
False
Is 431783981 a composite number?
True
Is 373088203 a composite number?
False
Is 12412151243 a composite number?
True
Is 1401184513 prime?
False
Is 61685293 prime?
True
Is 724808089 prime?
True
Is 818507819 a composite number?
True
Is 86723471 prime?
True
Is 2958125039 composite?
True
Is 362850493 a composite number?
True
Is 5862167951 a composite number?
False
Is 20667071627 a prime number?
True
Is 8336288899 a prime number?
True
Is 905188021 composite?
True
Is 525024211 a composite number?
False
Is 1642568131 prime?
False
Is 3162447163 a prime number?
False
Is 79266126983 composite?
True
Is 38259127111 a composite number?
True
Is 157184421341 a composite number?
False
Is 1779328427 a prime number?
True
Is 73278322049 prime?
True
Is 119624633797 prime?
True
Is 49718131 composite?
True
Is 994660411 composite?
False
Is 150108165843 a composite number?
True
Is 7994407849 composite?
True
Is 939626126 a composite number?
True
Is 911236549 composite?
True
Is 277185239 prime?
True
Is 8594808661 a composite number?
True
Is 9908573239 composite?
False
Is 509763119 prime?
True
Is 5131039 composite?
False
Is 2296037617 composite?
False
Is 214120981 prime?
True
Is 1185661861 prime?
True
Is 709